
44
9 - (-30 + 55) - 22
-38
What is 1 + 0 + 2 - (9 - (77 - 67))?
4
What is the value of (-1 + 11 - (111 - 93)) + (2 - 2 - -34)?
26
Calculate -10 + (-10 - 0) + 65 - 22.
23
91 - (-44 + (-57 - -149))
43
Calculate 2 - (3 - 1) - (-944 - -927).
17
Evaluate -3 - (5 - (-15 - -28 - 42)).
-37
What is (42 - (-2 + 45)) + 8 + 0 + 0 + -92?
-85
What is (2 - -9) + -22 + 15 + (3 - 32) + 4?
-21
What is the value of 90 + (-7 + -72 - -32)?
43
What is 3 + (24 - (-31 - (-13 + 6)))?
51
What is -14 - (-47 + (4 - -21)) - (43 - 0)?
-35
-57 - (-36 - (-74 + 0)) - (-9 - -1)
-87
Calculate -52 - -1 - (-2717 - -2618).
48
50 + (-26 - (-23 - -45))
2
Calculate 26 + 9 + 27 + -21.
41
What is (-7 + 43 + -20 - 12) + (-69 - 3) + 1?
-67
Calculate -9 + -55 + -2 + 41.
-25
21 + (-313 - -291 - (-16 - (1 - 2)))
14
What is the value of (-692 - -716) + (1 - (3 + -37)) - 0?
59
What is the value of (-1 - 21) + (2211 - 2267) - (-1 - 0)?
-77
(-36 - 3) + 0 - -70
31
Evaluate -116 + 76 + -77 - -162.
45
Evaluate -13 - ((-31 - 11) + 24 + -49).
54
0 + (-52 - -6) + (15 - 6)
-37
Evaluate -3 + (-8 - -11 - (-22 + 12 - -56)).
-46
Evaluate -6 + -8 + 121 + 6 - (8 + -10 - -16).
99
Evaluate 9 + -7 + 0 + (17 + -39 - -16 - 3).
-7
Calculate 3039 - 3003 - (-1 + 43).
-6
What is the value of (3 - (5 + -2)) + (3 - (27 + -18) - 0)?
-6
What is 12 - (-13 + (7 - -12 - (4 - 3)))?
7
Evaluate 86 + 13 + -121 + 68.
46
Calculate (23 - -17 - 23) + 3 + (0 - -1).
21
What is 23 - (-13 - (6 - (2 - 6)))?
46
-12823 + 12796 + (1 - 0) + -11
-37
What is the value of (-21 - -8) + 13 - -22?
22
What is 42 + (-6 - 13 - -30) + 5 + -37?
21
What is (24 - 78 - 37) + 49?
-42
What is -7 + 9 + 1 - (79 + -69 + -1 + -68)?
62
What is -36 - -41 - (-10 + -2 + 5 + -3 - 55)?
70
-55 + -3 + 4 + 8 - -2
-44
What is -1 - (-1 - 6) - ((45 - 12) + (-19 - -61))?
-69
What is (-62 - -12 - -89) + -65?
-26
-4 + (8 - (-4 + -5 - (-6 - 11)) - -62)
58
-3715 - -3748 - (72 + -2 + 0)
-37
What is -27 + (15 - (-17 + 30)) + -51?
-76
What is the value of (2918 - 2891) + 1 + 41?
69
-21 - (16 + (-74 - 20)) - 17
40
Calculate -107 + (-3 - -24 - -3) + 12 + -50.
-121
Calculate 13 + -3 + -1 + -3 + (-160 - -159) + 27.
32
Calculate (204 - 150) + (8 - 28).
34
Calculate (-15 + (-9 - 20) - -26) + 3 + 80.
65
Evaluate -14 + 1 + 577 + -610 + 16.
-30
What is (4 - 4 - (5 + -2)) + -49 - (-597 - -609)?
-64
What is -84 + 135 + (-16 - -36 - 37)?
34
Calculate 1 + -4 - -67 - (-7 - (3 - 23) - 5).
56
Evaluate (40 - 34) + 26 - 15.
17
What is 37 + (7 + -37 - -22 - (0 + -6))?
35
What is the value of 56 + (84 - 48) - (17 - -2)?
73
What is 53 - 6 - 29 - 79?
-61
-14 + (10 - (18 + -13 + -2))
-7
What is (306 - 313) + -5 + (1 - (7 + -48))?
30
Calculate 1 - (-12 + -32 + 6 + -15 + 1).
53
Calculate (-4 - (34 + -20)) + -73 - (-2 - 1).
-88
Evaluate 23 + (1 - -24 - 50) - (13 - -1 - -1).
-17
Evaluate (-72 - (14 + 12 + -46)) + -34.
-86
What is the value of -4 + 83 + -191 - -9?
-103
What is the value of (0 - 0) + 23 + -29 + 3 - (-6 - -28)?
-25
Calculate 7 + -61 + -2 + 5 - (-27 + 24 + -7).
-41
Evaluate (4 - 1 - (-16 + -13 + 4 + 25)) + -22.
-19
Calculate (17 - 0 - 2) + (-7 + 32 - 79).
-39
Calculate 4 - 8 - -15 - (-22 + (-25 - -28)).
30
What is (66 - 17) + (-67 - 1) + 87?
68
Calculate -71 + 158 + -59 - 54.
-26
-50 + 12 + 6 + 1 + -19
-50
What is the value of 0 + -17 - (-10 - -29 - 18 - -1)?
-19
What is the value of (238 - 335) + (1 - 12) + 27?
-81
-10 - (-10 - (-15 + -14) - -4)
-33
Evaluate 20 - (110 + (5 - -11) + 0 + -35).
-71
Evaluate 0 - 0 - -67 - (11 - (-9 - -22)).
69
What is the value of 88 + -286 + 48 + 86?
-64
(-44 - -83) + (-1 - 2) - ((12 - 8) + -1)
33
Evaluate -13 + 25 - (-65 - (8 - 21 - -22)).
86
Evaluate -1 + -109 + -102 + 154.
-58
Calculate (-35 - (-18 + 7)) + 2 + -27 + 11.
-38
Evaluate -79 + 35 - -50 - (-1 + (-5 - -6) - -101).
-95
Calculate 26 + -13 + 22 + -52 + 8.
-9
What is 54 + -71 + -11 + 12?
-16
What is the value of -19 + 5 - ((-73 - -257) + -140)?
-58
Calculate -4 - (-23 + 20) - -7.
6
(544 - 492) + -9 + 9 + -7
45
What is -2 - 3 - (-5 + 38 + -9 - 12)?
-17
Evaluate -17 - (4 - (44 + (-2 - -2))).
23
Evaluate -596 - -621 - (26 + 0) - (-51 - (7 + -5)).
52
What is the value of (-2 - 0) + -6 - (465 + -458)?
-15
What is the value of 15 - -4 - (76 + 0) - -10?
-47
(22 - 17) + (5 - (19 - 1)) - 33
-41
Evaluate (31 - (-37 + 41)) + -50.
-23
Evaluate (12 - (2 + 5 + -4) - -1) + -2 + -1.
7
What is 7 + -47 - (-8 - -15 - (26 - 28))?
-49
Calculate (-3 - (10 + -4 + -3)) + (-28 + -6 - -12).
-28
Evaluate (-3 - -18) + -1 - (285 - 257) - (1 + 10).
-25
43 + (-15 - 48 - -8)
-12
What is the value of -13 - ((1 - 1) + 31 + -47 + 26)?
-23
What is -9 - (9 + (11 + -26 - 4))?
1
Evaluate 108 + -45 + -12 + -61.
-10
57 + -119 - (0 + -10) - (-7 - -22)
-67
Calculate 109 - 303 - -125 - 37.
-106
-2 + 0 + 12 + (30 - -7 - 36) - -11
22
Evaluate 37 + -25 + 14 + -40 + 0.
-14
What is the value of 1 + (-2 - 0) - (-234 - (-278 - -26))?
-19
Evaluate -6 + -1 + ((-3 - 1) + 186 - (-566 - -596)).
145
Calculate 32 + 5 + -93 + 114.
58
Calculate (-120 - -1) + (-4 - 4 - -21 - 7 - -6).
-107
5 + 0 - (-24 + -9 - (151 + -105))
84
Calculate 8 - (6 - -7) - (-6 - 3 - (-5 + -2)).
-3
4 + -5 - 0 - -26 - (23 + 104)
-102
What is 1679 + -1759 - (-11 - -2)?
-71
6 - -1 - (221 - 227) - 19
-6
Evaluate 64 + -4 - -1 - (7 + -20 - -26).
48
Calculate (-7 - (10 - 1)) + -24 + (-42 - -19).
-63
Evaluate (-10 - (1 + -6)) + (1266 - 1321).
-60
(39 - (-33 + 129)) + 5 - (-3 + 17 + -3)
-63
(9 - -101) + -63 - 59
-12
0 + 67 + -38 + 54 + (-20 - -2)
65
Calculate (-20 + -4 + 10 + 12 - 43) + -12 + -9.
-66
What is -208 + 192 - (-8 + -6 + 4)?
-6
Calculate -35 + (-50 - -77) - -45.
37
Calculate 29 + -14 + -50 + (-10 - -3 - (5 + -9)).
-38
-169 - -128 - (-5 - 20) - -33
17
What is the value of 1 + 0 + -2 - (2 + -2 + (540 - 522))?
-19
What is the value of (1 - -6) + (-173 - -95) + 34 + -7?
-44
-3 - -5 - -2 - (-60 - (10 + (8 - 13)))
69
Calculate 25 + (67 + 76 - 134).
34
What is the value of (-11 - 0) + 96 + 65 + -118?
32
136 - (40 + -31 + -4 - (-19 - -1))
113
Evaluate -18 + 5 + -37 + 43.
-7
Calculate -17 + -13 + 82 + -50.
2
Calculate -30 - (-2 - 2 - (28 - 26)).
-24
Evaluate (0 + 11 + -196 + 208 - -9) + -9.
23
Evaluate -11 + (19 + 0 - (2 - -5) - -14).
15
Evaluate (-2 - 1) + (15 - (-18 - (-13 - (-18 + 13)))).
22
What is -44 - (51 + -28 + -49)?
-18
What is -242 - (9 + (49 - 151))?
-149
(-100 - (11 - 22)) + 77
-12
Calculate (84 - (-19 - -134)) + -75.
-106
-30 + 19 + 3 - (-26 - (6 + -3 + 1))
22
What is -11 + (31 - -17 - 24) + 1?
14
65 + -221 + 144 - (0 + -114)
102
(11 - (23 + -8 - 9) - -42) + -5
42
-1 + -6 - (16 - (34 - 54 - -35))
-8
Calculate 39 - (19 + (-26 - -43)).
3
Evaluate -66 + 1 + -23 - -30.
-58
What is -70 + 46 + -32 + 32?
-24
Calculate -6 + 118 + -102 - -74.
84
What is the value of -1 + 8 + (-4 - -4) - (-56 + 4 + 8)?
51
Calculate -11 + 16 + 64 + 60 + -60.
69
Calculate 11 - (2 - (23 - (-5 + 15) - (-2 + 3))).
21
-7 + (0 - (2 - 7)) + (1096 - 988)
106
What is 13 - (-6 + (10 - -1)) - (9 - (-15 + 16))?
0
What is the value of -23 + (-11 - -31) - (1 - 44) - -2?
42
What is -1 - -12 - (-25 + 58 - (-12 - 29))?
-63
What is 16 + (2 - (2 + -14) - (-72 + 79))?
23
What is the value of 8 + (19 - 29) + -11?
-13
Calculate 32 + -16 + 0 + (-17 - -13).
12
What is the value of -145 + 114 - -39 - (-2 - 20)?
30
10 - -11 - -2 - ((-4 - -6) + -10)
31
Calculate -53 + 129 - 51 - (50 + 7).
-32
(-283 - -238) + 22 + 0 - 8
-31
Calculate (-4 - (-30 + 15 - -10)) + 10.
11
What is the value of -45 - ((17 - 23) + -1 - -16)?
-54
What is the value of -31 - 1 - (463 - 480)?
-15
-23 + (-8 - (11 - (4 - -11)))
-27
What is the value of (1 - (-2 - (-9 + -1) - (293 - 292))) + -14?
-20
-74 - (63 + -50 + -100)
13
What is the value of 14 - 1 - (-3 + -118 + 145)?
-11
What is 20 + (-1 - -2) - (188 - (159 - -1))?
-7
What is the value of -80 + (-20 - -48) + 82?
30
Evaluate 33 + (20 - (-58 - -58)).
53
What is the value of (0 - 1) + 0 + -127 + (232 + -151 - 62)?
-109
What is 4 + (-32 - (-38 - -8)) + 46?
48
What is the value of -5 + (10 + 7 - 17) - -50?
45
Calculate -2 + (12 - (-49 - -13)) - (21 + -3).
28
Calculate (17 - (3 + 10) - -12) + -49.
-33
What is 15 + -80 + 25 + 2?
-38
What is (7 - 10) + -12 - (0 + 8)?
-23
Calculate -1 - -18 - ((-8 + 20 - 21 - 29) + 24).
31
What is -6 + 7 + -23 + 139 - (19 - 4 - -1)?
101
Evaluate 17 - 1 - (2 - -28 - 11).
-3
Calcu